Select a Year or Month report
2018 > Jan Feb Mar Apr May Jun Jul Aug Sep Oct Nov Dec

Report for 2018 Feb
                   Monthly Climatological Summary for Feb 2018

Name: Worthing weather   City: worthing   State: 
Elevation: 31 ft  Lat: N 50 49 12   Lon: W 000 22 47

                  Temperature (°C), Rain (mm), Wind Speed (mph)

                                      Heat  Cool        Avg
    Mean                              Deg   Deg         Wind                 Dom
Day Temp  High   Time   Low    Time   Days  Days  Rain  Speed High   Time    Dir
----------------------------------------------------------------------------------
01   5.3   8.4   13:58   2.9   06:49  13.0   0.0   0.0   3.7  21.0   14:28    NW
02   5.0   7.3   14:00   2.9   03:44  13.3   0.0   0.0   2.3  16.0   11:25   NNW
03   3.7   4.5   11:54   2.9   20:48  14.6   0.0   2.4   1.6  14.0   23:21   ENE
04   3.4   5.8   13:31   1.2   23:38  15.0   0.0   0.0   6.9  27.0   13:09    NE
05   2.0   4.9   14:38   0.6   01:06  16.3   0.0   0.0   5.2  20.0   14:46    NE
06   1.6   4.6   12:55  -1.1   22:54  16.7   0.0   0.0   3.7  19.0   10:22    NE
07   2.0   5.6   15:28  -0.6   00:00  16.3   0.0   0.0   3.2  20.0   10:41   NNE
08   3.2   7.1   12:44  -2.6   05:37  15.1   0.0   0.0   3.5  21.0   19:29   WSW
09   4.6   6.4   00:00   0.7   23:57  13.7   0.0   6.6   6.2  32.0   04:25     W
10   4.4   8.8   23:49  -1.4   04:31  13.9   0.0   1.2   6.2  33.0   17:46    SW
11   5.2   8.9   00:39   0.9   23:09  13.1   0.0   0.0   5.7  26.0   00:36   WNW
12   3.2   7.4   14:26  -1.3   06:49  15.1   0.0   2.6   3.0  28.0   20:42     W
13   5.0   5.8   04:20   3.5   23:22  13.3   0.0   0.2  10.4  36.0   07:48   SSW
14   4.3   7.5   23:56  -0.7   05:24  14.0   0.0   7.4   8.5  30.0   14:11   SSW
15   7.5  10.8   13:47   2.9   23:58  10.8   0.0   0.0   3.7  20.0   17:09     W
16   4.9   8.9   12:55   0.6   06:45  13.4   0.0   0.0   0.8   7.0   10:49     S
17   6.1   8.9   16:10   2.4   07:07  12.1   0.0   0.0   1.3   7.0   13:40     S
18   7.3   8.9   13:17   6.6   05:44  11.0   0.0   0.8   2.3  10.0   06:48     S
19   8.8  10.9   16:20   6.8   06:38   9.5   0.0   0.8   1.3  12.0   23:08   NNW
20   8.8  10.5   13:43   5.9   23:36   9.5   0.0   0.4   5.7  29.0   20:20   NNE
21   4.8   7.6   14:08   1.6   07:30  13.5   0.0   0.0   4.0  17.0   16:10    NE
22   3.5   6.2   14:43   1.2   21:45  14.8   0.0   0.0   4.0  18.0   10:06   ENE
23   1.6   5.1   13:13  -0.9   06:28  16.7   0.0   0.0   4.7  21.0   13:53   ENE
24   1.7   5.8   14:10  -1.8   06:17  16.6   0.0   0.0   5.1  20.0   11:50   ENE
25   1.3   5.2   14:40  -1.7   06:55  17.0   0.0   0.0   5.3  20.0   16:31   ENE
26  -0.5   1.6   11:25  -2.7   23:59  18.8   0.0   0.0   6.3  26.0   16:08   ENE
27  -2.5  -0.1   16:02  -3.8   23:35  20.8   0.0   0.0   4.1  18.0   10:16    NE
28  -3.4  -1.3   14:37  -5.2   07:07  21.7   0.0   0.0   6.8  26.0   13:33   ENE
----------------------------------------------------------------------------------
     3.7  10.9    19    -5.2    28   409.6   0.0  22.4   4.5  36.0    13      NE

Max >=  27.0  0
Max <=   0.0  2
Min <=   0.0 12
Min <= -18.0  0
Max Rain: 7.4 on day 14
Days of Rain: 9 (>= 0.2 mm)  4 (>= 2.0 mm)  0 (>= 20.0 mm)
Heat Base: 18.3  Cool Base: 18.3  Method: Integration
Time / Date