Select a Year or Month report
2018 > Jan Feb Mar Apr May Jun Jul Aug Sep Oct Nov Dec

Report for 2018 Jan
                   Monthly Climatological Summary for Jan 2018

Name: Worthing weather   City: worthing   State: 
Elevation: 31 ft  Lat: N 50 49 12   Lon: W 000 22 47

                  Temperature (°C), Rain (mm), Wind Speed (mph)

                                      Heat  Cool        Avg
    Mean                              Deg   Deg         Wind                 Dom
Day Temp  High   Time   Low    Time   Days  Days  Rain  Speed High   Time    Dir
----------------------------------------------------------------------------------
01   7.4   8.9   08:20   6.3   13:19  11.0   0.0   3.4   5.6  25.0   00:03     W
02   8.3  11.6   23:26   4.7   05:33  10.0   0.0   2.8   6.7  43.0   22:47   WSW
03   9.0  11.3   00:00   7.3   05:36   9.3   0.0   0.0   8.9  34.0   04:01     W
04   9.4  11.6   14:34   7.9   04:01   8.9   0.0   6.6   6.3  32.0   14:42     W
05   7.9   9.6   12:53   6.1   18:38  10.4   0.0   7.8   4.8  24.0   13:18     W
06   5.0   6.7   00:02   3.7   08:31  13.4   0.0   0.0   5.4  23.0   20:31    NE
07   4.1   6.3   12:38   2.8   05:30  14.1   0.0   0.0   8.7  30.0   13:10   ENE
08   4.1   4.9   23:20   3.4   03:10  14.2   0.0   0.0   5.4  23.0   00:50     E
09   6.7   8.9   00:00   4.4   04:00  11.6   0.0   0.2   3.5  15.0   22:30     S
10   7.2   9.8   15:10   3.5   22:30  11.1   0.0   0.2   2.3  23.0   02:40   WSW
11   5.8   7.3   14:50   3.7   00:00  12.5   0.0   0.4   2.3  17.0   14:50   NNE
12   6.5   7.3   09:28   5.7   22:46  11.7   0.0   0.0   3.1  15.0   20:00    SE
13   6.5   7.1   02:36   5.5   18:26  11.7   0.0   0.0   6.6  18.0   06:57    SE
14   5.6   7.4   23:43   4.2   04:45  12.7   0.0   0.0   2.4  20.0   23:48   ENE
15   8.0   9.7   13:46   6.9   22:58  10.3   0.0   5.0   8.9  36.0   07:04   WSW
16   5.7   7.8   01:30   2.6   23:58  12.6   0.0   1.0   6.0  28.0   04:09   WNW
17   5.5   8.4   23:59   2.4   01:57  12.8   0.0   1.6   7.3  34.0   23:50     W
18   7.5  10.7   05:07   3.1   23:13  10.8   0.0   0.0   7.2  39.0   00:09     W
19   4.0   7.9   15:14   0.9   08:02  14.3   0.0   0.0   2.9  19.0   14:04   WNW
20   5.8   7.7   16:13   2.4   23:57  12.5   0.0   5.6   2.0  13.0   17:51    NW
21   5.5   9.6   20:57   2.4   00:03  12.8   0.0  10.8   3.2  20.0   20:07   SSW
22   8.9  10.9   13:40   8.0   06:33   9.4   0.0   0.2   2.3  16.0   13:41   WNW
23   9.2  10.1   19:11   8.2   00:00   9.0   0.0   1.2   6.5  24.0   17:20   WSW
24   9.3  11.0   13:27   6.7   17:04   9.1   0.0   4.8   8.9  33.0   13:50    SW
25   8.1   9.3   14:46   6.6   21:21  10.2   0.0   1.4   6.0  24.0   17:38   WSW
26   5.0   8.1   15:50   2.1   23:53  13.3   0.0   0.6   1.3  17.0   11:57   NNE
27   6.6   9.4   23:56   0.9   04:13  11.7   0.0   2.2   5.0  26.0   17:36   WSW
28   9.3   9.9   08:16   8.6   01:37   9.0   0.0   0.0   5.1  21.0   23:41     W
29   8.8  10.3   16:23   4.6   23:38   9.6   0.0   0.0   5.3  23.0   08:45     W
30   5.8   9.6   15:00   1.2   05:53  12.5   0.0   2.2   2.2  25.0   22:09   WSW
31   7.1   9.3   11:10   3.9   22:43  11.2   0.0   2.4   6.6  30.0   00:44     W
----------------------------------------------------------------------------------
     6.9  11.6     2     0.9    19   353.7   0.0  60.4   5.1  43.0     2       W

Max >=  27.0  0
Max <=   0.0  0
Min <=   0.0  0
Min <= -18.0  0
Max Rain: 10.8 on day 21
Days of Rain: 20 (>= 0.2 mm)  11 (>= 2.0 mm)  0 (>= 20.0 mm)
Heat Base: 18.3  Cool Base: 18.3  Method: Integration
Time / Date