Select a Year or Month report

Report for 2018
                   Annual Climatological Summary for 2018

Name: Worthing   City: Weather   State: 
Elevation: 31 ft  Lat: N 50 49 12   Lon: W 000 22 47

                  Temperature (°C), Heat Base: 18.3  Cool Base: 18.3
                          Dep.  Heat  Cool                       Max  Max  Min  Min
        Mean  Mean        From  Deg   Deg                        >=   <=   <=   <=
 YR MO  Max   Min   Mean  Norm  Days  Days  Hi  Date  Low  Date 27.0  0.0  0.0 -18.0
------------------------------------------------------------------------------------
 18  1   8.9   4.6   6.9   0.0   354     0  11.5   2   0.9   19    0    0    0    0
 18  2   6.5   0.8   3.7   0.0   410     0  10.9  19  -5.2   28    0    2   12    0
 18  3   8.2   3.8   5.8   0.0   388     0  13.4  27  -4.6    1    0    0    6    0
 18  4  12.7   7.9  10.2   0.0   242     0  20.4  19   3.6    1    0    0    0    0
 18  5  18.4  10.3  14.2   0.0   130     4  26.4  28   1.9    1    0    0    0    0
 18  6  20.5  13.2  16.6   0.0    56     5  26.9  30  10.1   13    0    0    0    0
 18  7  23.1  16.2  19.9   0.0     5    53  29.4   1  13.0   11    3    0    0    0
 18  8  20.8  14.2  17.8   0.0    36    19  28.7   4   7.5   25    1    0    0    0
 18  9  18.5  12.0  15.3   0.0    95     2  23.5   3   6.5   25    0    0    0    0
 18 10  17.2  10.5  13.8   0.0   100     1  19.9  13   5.6    7    0    0    0    0
 18 11
 18 12
------------------------------------------------------------------------------------
        15.5   9.3  12.4   0.0  1814    84  29.4 Jul  -5.2  Feb    4    2   18    0

                                Precipitation (mm)

              Dep.   Max        Days of Rain
              From   Obs.           >=
 YR MO Total  Norm   Day Date  0.2  2.0 20.0
---------------------------------------------
 18  1  60.2   0.0  10.8  21    20   11    0
 18  2  22.4   0.0   7.4  14     9    4    0
 18  3  86.4   0.0  12.4  15    21   13    0
 18  4  80.0   0.0  22.8   2    15    9    1
 18  5  33.1   0.0   8.9  31    12    5    0
 18  6   0.2   0.0   0.2  14     1    0    0
 18  7  40.8   0.0  16.4  30     5    3    0
 18  8  88.6   0.0  31.8  26     8    6    1
 18  9  32.0   0.0  16.0  22     7    3    0
 18 10  31.8   0.0  15.0  14    10    3    0
---------------------------------------------
       475.5   0.0  31.8  Aug  108   57    2

                                Wind Speed (mph)
                          Dom
 YR MO   Avg.  Hi   Date  Dir
------------------------------
 18  1   5.1  43.0    2     W
 18  2   4.5  36.0   13    NE
 18  3   4.4  30.0   19    SE
 18  4   4.0  31.0   29    SW
 18  5   3.3  45.0   16    SW
 18  6   3.4  31.0   14     N
 18  7   3.5  34.0   29   SSW
 18  8   3.3  43.0   10    SW
 18  9   3.7  34.0   21   WSW
 18 10   3.5  31.0    6   ESE
 18 11
 18 12
------------------------------
         3.9  45.0  May    SW
Time / Date