Select a Year or Month report

Report for 2017 Nov
                   Monthly Climatological Summary for Nov 2017

Name: Worthing weather   City: worthing   State: 
Elevation: 31 ft  Lat: N 50 49 12   Lon: W 000 22 47

                  Temperature (°C), Rain (mm), Wind Speed (m/s)

                                      Heat  Cool        Avg
    Mean                              Deg   Deg         Wind                 Dom
Day Temp  High   Time   Low    Time   Days  Days  Rain  Speed High   Time    Dir
----------------------------------------------------------------------------------
 1  12.4  15.1   11:40   8.1   23:50   5.9   0.0   0.0   2.2  11.0   07:10     S
 2  10.1  14.8   13:20   7.1   07:20   8.2   0.0   0.2   0.4   6.0   11:30     N
 3  10.7  14.7   13:50   6.7   03:20   7.6   0.0   1.0   0.9  11.0   22:40   ESE
 4  11.9  14.2   08:40   6.1   23:30   6.4   0.0   4.0   3.5  17.0   05:00    SW
 5   6.8  10.7   12:50   3.8   05:40  11.5   0.0   0.0   2.2  15.0   13:00   WNW
 6   7.9  11.7   23:30   2.5   07:20  10.4   0.0   0.0   2.2  20.0   23:50   SSW
 7   9.5  12.1   07:20   5.7   23:45   8.8   0.0   6.6   7.2  26.0   22:20   SSW
 8   6.7   9.7   14:20   4.1   23:50  11.6   0.0   0.4   3.9  24.0   01:40     N
 9   8.2  12.3   14:10   2.4   04:00  10.1   0.0   0.0   0.6   9.0   11:40     W
10  10.0  13.9   10:00   7.6   03:20   8.3   0.0   0.4   2.8  20.0   13:00   WNW
11  10.4  13.0   12:00   7.5   00:20   7.9   0.0   6.0   2.8  21.0   06:10   WNW
12   6.6   8.7   12:10   4.5   23:50  11.7   0.0   4.2   4.3  26.0   12:40   NNW
13   4.9   8.4   14:10   2.1   07:00  13.4   0.0   0.0   2.8  20.0   03:00     N
14   9.4  11.8   13:00   4.4   00:00   8.9   0.0   0.0   1.7  16.0   10:30     W
15  10.9  12.8   13:30   8.9   02:50   7.4   0.0   0.2   0.4   6.0   07:00   WNW
16  10.8  13.4   14:20   8.2   23:50   7.5   0.0   0.2   1.3  13.0   19:30    NW
17   6.1   9.9   13:52   2.3   23:11  12.2   0.0   0.0   1.0  12.0   00:40   NNE
18   6.9  10.9   18:49   2.2   00:57  11.4   0.0   1.2   2.3  18.0   12:55     W
19   5.6   9.1   14:10   2.7   07:20  12.7   0.0   0.0   0.6   9.0   12:00    NW
20  10.9  12.3   12:10   4.3   00:00   7.4   0.0   1.8   4.5  20.0   12:20   WSW
21  12.6  13.6   21:50  11.4   06:40   5.7   0.0   0.0   6.7  29.0   19:10   WSW
22  13.6  15.0   23:40  12.6   05:50   4.7   0.0   0.0  11.6  34.0   17:40   SSW
23  11.6  14.9   01:50   7.8   23:50   6.7   0.0   3.2   8.3  40.0   03:00    SW
24   6.2   8.2   12:40   2.3   22:40  12.1   0.0   0.6   0.6   9.0   11:40     N
25   3.7   7.6   13:50   0.5   03:10  14.6   0.0   0.2   2.3  19.0   14:00     W
26   4.3   8.0   23:50   1.4   07:40  14.0   0.0   0.0   2.5  17.0   14:00     W
27   9.5  11.5   08:50   6.3   23:50   8.8   0.0   0.6   6.0  30.0   08:50     W
28   4.5   7.8   14:00   2.0   19:00  13.8   0.0   0.0   1.8  17.0   10:20    NW
29   3.7   5.5   16:50   1.6   05:50  14.6   0.0   0.0   3.3  18.0   11:10   NNW
30   2.3   4.4   14:00  -0.2   07:10  16.0   0.0   0.0   4.0  27.0   23:10   NNW
----------------------------------------------------------------------------------
     8.3  15.1     1    -0.2    30   300.3   0.0  30.8   2.8  40.0    23       W

Max >=  27.0:  0
Max <=   0.0:  0
Min <=   0.0:  1
Min <= -18.0:  0
Max Rain: 6.6 on day 7
Days of Rain: 16 (>= 0.2 mm)  5 (>= 2.0 mm)  0 (>= 20.0 mm)
Heat Base: 18.3  Cool Base: 18.3  Method: Integration
Time / Date