Select a Year or Month report

Report for 2017 Oct
                   Monthly Climatological Summary for Oct 2017

Name: Worthing weather   City: worthing   State: 
Elevation: 31 ft  Lat: N 50 49 12   Lon: W 000 22 47

                  Temperature (°C), Rain (mm), Wind Speed (m/s)

                                      Heat  Cool        Avg
    Mean                              Deg   Deg         Wind                 Dom
Day Temp  High   Time   Low    Time   Days  Days  Rain  Speed High   Time    Dir
----------------------------------------------------------------------------------
 1  17.6  21.4   20:00  14.8   01:00   0.7   0.0   2.0   6.7  21.0   21:30   WNW
 2  12.5  16.5   00:00  10.9   18:30   5.8   0.0   1.3   5.7  18.0   00:00   WNW
 3  12.4  16.9   14:19   8.3   06:30   5.9   0.0   9.0   1.6  13.0   11:35   WNW
 4  12.2  16.1   15:23   7.7   05:29   6.1   0.0  28.2   4.2  26.0   22:50     W
 5  14.3  16.9   12:20   9.0   23:40   4.0   0.0   0.6   5.3  26.0   02:30   WNW
 6  10.5  15.6   15:10   7.4   04:00   7.8   0.0   0.0   1.0  14.0   09:40   NNW
 7  12.7  16.1   15:40   8.9   00:00   5.6   0.0   0.2   4.6  24.0   06:29     W
 8  13.1  16.9   13:04  10.3   06:49   5.2   0.0   0.0   0.8  10.0   14:54     W
 9  12.4  15.7   14:50   8.6   05:30   5.9   0.0   0.6   1.2  14.0   10:20   WSW
10  13.4  15.6   19:20  10.9   02:30   4.9   0.0   0.0   3.2  19.0   23:20     W
11  15.2  16.3   15:50  12.5   23:50   3.1   0.0   0.4   8.7  32.0   13:10   WSW
12  14.0  16.3   12:00   8.9   07:30   4.3   0.0   0.2   2.4  14.0   11:50   WSW
13  16.0  17.4   12:41  14.5   00:22   2.3   0.0   0.0   5.2  22.0   11:43   WSW
14  16.0  17.8   15:27  13.6   20:20   2.3   0.0   0.0   2.6  13.0   03:29   WSW
15  15.8  16.9   12:10  14.6   04:40   2.5   0.0   0.2   1.8  19.0   08:40   SSE
16  17.0  19.6   11:30  15.0   23:50   1.3   0.0   0.2   3.2  29.0   18:50    SE
17  13.6  15.7   14:40  12.0   21:40   4.7   0.0   0.2   2.1  24.0   00:30     W
18  14.6  17.0   14:10  12.4   05:10   3.7   0.0   2.2   2.0  12.0   03:50     E
19  15.5  16.4   19:40  13.2   23:50   2.8   0.0   5.0   5.9  39.0   22:50     S
20  14.6  15.7   23:00  12.6   09:00   3.7   0.0   1.0   9.1  39.0   02:10    SW
21  13.9  15.3   02:10  12.1   09:10   4.4   0.0   1.2  13.7  47.0   13:20   WSW
22  11.1  13.7   15:00   9.2   08:00   7.2   0.0   0.6   3.7  27.0   10:10     W
23  13.3  14.8   13:59  10.2   03:50   5.0   0.0   1.8   3.8  21.0   12:34   WSW
24  14.9  15.4   15:20  14.2   00:00   3.4   0.0   0.8   3.9  21.0   10:20   WSW
25  14.9  17.5   15:20  13.2   22:20   3.4   0.0   0.0   5.1  21.0   00:50   WSW
26  14.0  15.2   11:20  13.0   20:50   4.3   0.0   0.4   0.7   9.0   12:40     W
27  12.5  14.9   13:50   7.0   23:50   5.8   0.0   0.0   1.5  18.0   05:30     N
28  10.2  15.5   16:30   4.8   07:40   8.1   0.0   0.2   2.5  19.0   15:30     W
29  12.0  15.4   10:40   5.8   23:30   6.3   0.0   0.2   3.5  19.0   01:20   NNW
30   7.4  12.3   15:10   4.4   04:40  10.9   0.0   0.0   1.6  11.0   06:20   NNE
31  11.5  13.6   13:40   5.6   02:30   6.8   0.0   0.0   1.0  11.0   12:40     W
----------------------------------------------------------------------------------
    13.5  21.4     1     4.4    30   148.2   0.0  56.5   3.5  47.0    21     WSW

Max >=  27.0:  0
Max <=   0.0:  0
Min <=   0.0:  0
Min <= -18.0:  0
Max Rain: 28.2 on day 4
Days of Rain: 22 (>= 0.2 mm)  5 (>= 2.0 mm)  1 (>= 20.0 mm)
Heat Base: 18.3  Cool Base: 18.3  Method: Integration
Time / Date